{"id":535,"date":"2021-01-30T21:59:11","date_gmt":"2021-01-30T20:59:11","guid":{"rendered":"https:\/\/martinique-yoga.com\/?page_id=535"},"modified":"2025-11-11T11:12:12","modified_gmt":"2025-11-11T10:12:12","slug":"yoga-soins","status":"publish","type":"page","link":"https:\/\/martinique-yoga.com\/index.php\/yoga-soins\/","title":{"rendered":"Yoga &#038; Soins"},"content":{"rendered":"\n<h2 class=\"wp-block-heading\">Yoga<\/h2>\n\n\n\n<figure class=\"wp-block-gallery has-nested-images columns-default is-cropped wp-block-gallery-1 is-layout-flex wp-block-gallery-is-layout-flex\">\n<figure class=\"wp-block-image size-large\"><img loading=\"lazy\" decoding=\"async\" width=\"206\" height=\"215\" data-id=\"396\" src=\"https:\/\/martinique-yoga.com\/wp-content\/uploads\/2018\/01\/24232758_10155622739540568_6883301773094984611_n.jpg\" alt=\"\" class=\"wp-image-396\"\/><\/figure>\n\n\n\n<figure class=\"wp-block-image size-large\"><img loading=\"lazy\" decoding=\"async\" width=\"206\" height=\"257\" data-id=\"393\" src=\"https:\/\/martinique-yoga.com\/wp-content\/uploads\/2018\/01\/23905594_10155602414390568_8902597837309518471_n.jpg\" alt=\"\" class=\"wp-image-393\"\/><\/figure>\n\n\n\n<figure class=\"wp-block-image size-large\"><img loading=\"lazy\" decoding=\"async\" width=\"763\" height=\"615\" data-id=\"144\" src=\"https:\/\/martinique-yoga.com\/wp-content\/uploads\/2017\/08\/IMG_20170817_233128_888.jpg\" alt=\"\" class=\"wp-image-144\" srcset=\"https:\/\/martinique-yoga.com\/wp-content\/uploads\/2017\/08\/IMG_20170817_233128_888.jpg 763w, https:\/\/martinique-yoga.com\/wp-content\/uploads\/2017\/08\/IMG_20170817_233128_888-300x242.jpg 300w\" sizes=\"auto, (max-width: 763px) 100vw, 763px\" \/><\/figure>\n\n\n\n<figure class=\"wp-block-image size-large\"><img loading=\"lazy\" decoding=\"async\" width=\"1024\" height=\"614\" data-id=\"309\" src=\"https:\/\/martinique-yoga.com\/wp-content\/uploads\/2017\/08\/cropped-cropped-Yoga-KT-4-1024x614.png\" alt=\"\" class=\"wp-image-309\" srcset=\"https:\/\/martinique-yoga.com\/wp-content\/uploads\/2017\/08\/cropped-cropped-Yoga-KT-4-1024x614.png 1024w, https:\/\/martinique-yoga.com\/wp-content\/uploads\/2017\/08\/cropped-cropped-Yoga-KT-4-300x180.png 300w, https:\/\/martinique-yoga.com\/wp-content\/uploads\/2017\/08\/cropped-cropped-Yoga-KT-4-768x461.png 768w, https:\/\/martinique-yoga.com\/wp-content\/uploads\/2017\/08\/cropped-cropped-Yoga-KT-4.png 2000w\" sizes=\"auto, (max-width: 1024px) 100vw, 1024px\" \/><\/figure>\n\n\n\n<figure class=\"wp-block-image size-large\"><img loading=\"lazy\" decoding=\"async\" width=\"540\" height=\"960\" data-id=\"133\" src=\"https:\/\/martinique-yoga.com\/wp-content\/uploads\/2017\/08\/16682018_1408194899225082_3768949011642409475_n-1.jpg\" alt=\"\" class=\"wp-image-133\" srcset=\"https:\/\/martinique-yoga.com\/wp-content\/uploads\/2017\/08\/16682018_1408194899225082_3768949011642409475_n-1.jpg 540w, https:\/\/martinique-yoga.com\/wp-content\/uploads\/2017\/08\/16682018_1408194899225082_3768949011642409475_n-1-169x300.jpg 169w\" sizes=\"auto, (max-width: 540px) 100vw, 540px\" \/><\/figure>\n\n\n\n<figure class=\"wp-block-image size-large\"><img loading=\"lazy\" decoding=\"async\" width=\"960\" height=\"540\" data-id=\"116\" src=\"https:\/\/martinique-yoga.com\/wp-content\/uploads\/2017\/08\/13906886_1207182592659648_5914956369794109936_n.jpg\" alt=\"\" class=\"wp-image-116\" srcset=\"https:\/\/martinique-yoga.com\/wp-content\/uploads\/2017\/08\/13906886_1207182592659648_5914956369794109936_n.jpg 960w, https:\/\/martinique-yoga.com\/wp-content\/uploads\/2017\/08\/13906886_1207182592659648_5914956369794109936_n-300x169.jpg 300w, https:\/\/martinique-yoga.com\/wp-content\/uploads\/2017\/08\/13906886_1207182592659648_5914956369794109936_n-768x432.jpg 768w\" sizes=\"auto, (max-width: 960px) 100vw, 960px\" \/><\/figure>\n<\/figure>\n\n\n\n<p><\/p>\n\n\n\n<p>Yoga Vinyasa et Restorative \u00e0 Trinit\u00e9 : 90min\/25eur ou 200eur\/10cours<\/p>\n\n\n\n<p>Mardi 18h30 vinyasa<\/p>\n\n\n\n<p>Jeudi 18h30 vinyasa<\/p>\n\n\n\n<p>Vendredi 9h30 vinyasa doux<\/p>\n\n\n\n<p>Samedi \/ Dimanche 8h30 M\u00e9ditation, yoga doux\/yin<\/p>\n\n\n\n<p>Arrivez en silence et \u00e0 l&#8217;heure, la maison ouvre 5min avant le cours!<\/p>\n\n\n\n<p>Pour les \u00e9l\u00e8ves qui ont une carte de cours, elle est valable 6 mois et les annulations last minute ( moins de 24h avant) sont compt\u00e9es.<\/p>\n\n\n\n<p>Contactez moi sur WhatsApp pour les derni\u00e8res mise \u00e0 jour (les jours de cours peuvent varier):<\/p>\n\n\n\n<p>+596 6 96 89 36 29<\/p>\n\n\n\n<h2 class=\"wp-block-heading\">Soins\/ Sessions de gu\u00e9rison<\/h2>\n\n\n\n<figure class=\"wp-block-gallery has-nested-images columns-default is-cropped wp-block-gallery-2 is-layout-flex wp-block-gallery-is-layout-flex\">\n<figure class=\"wp-block-image size-large\"><img loading=\"lazy\" decoding=\"async\" width=\"1024\" height=\"682\" data-id=\"487\" src=\"https:\/\/martinique-yoga.com\/wp-content\/uploads\/2019\/07\/DSC_2048-1024x682.jpg\" alt=\"\" class=\"wp-image-487\" srcset=\"https:\/\/martinique-yoga.com\/wp-content\/uploads\/2019\/07\/DSC_2048-1024x682.jpg 1024w, https:\/\/martinique-yoga.com\/wp-content\/uploads\/2019\/07\/DSC_2048-300x200.jpg 300w, https:\/\/martinique-yoga.com\/wp-content\/uploads\/2019\/07\/DSC_2048-768x511.jpg 768w\" sizes=\"auto, (max-width: 1024px) 100vw, 1024px\" \/><\/figure>\n\n\n\n<figure class=\"wp-block-image size-large\"><img loading=\"lazy\" decoding=\"async\" width=\"1024\" height=\"682\" data-id=\"488\" src=\"https:\/\/martinique-yoga.com\/wp-content\/uploads\/2019\/07\/DSC_2031-1024x682.jpg\" alt=\"\" class=\"wp-image-488\" srcset=\"https:\/\/martinique-yoga.com\/wp-content\/uploads\/2019\/07\/DSC_2031-1024x682.jpg 1024w, https:\/\/martinique-yoga.com\/wp-content\/uploads\/2019\/07\/DSC_2031-300x200.jpg 300w, https:\/\/martinique-yoga.com\/wp-content\/uploads\/2019\/07\/DSC_2031-768x511.jpg 768w\" sizes=\"auto, (max-width: 1024px) 100vw, 1024px\" \/><\/figure>\n\n\n\n<figure class=\"wp-block-image size-large\"><img loading=\"lazy\" decoding=\"async\" width=\"960\" height=\"640\" data-id=\"489\" src=\"https:\/\/martinique-yoga.com\/wp-content\/uploads\/2019\/07\/25659461_1132684546868736_1258446570302447046_n.jpg\" alt=\"\" class=\"wp-image-489\" srcset=\"https:\/\/martinique-yoga.com\/wp-content\/uploads\/2019\/07\/25659461_1132684546868736_1258446570302447046_n.jpg 960w, https:\/\/martinique-yoga.com\/wp-content\/uploads\/2019\/07\/25659461_1132684546868736_1258446570302447046_n-300x200.jpg 300w, https:\/\/martinique-yoga.com\/wp-content\/uploads\/2019\/07\/25659461_1132684546868736_1258446570302447046_n-768x512.jpg 768w\" sizes=\"auto, (max-width: 960px) 100vw, 960px\" \/><\/figure>\n\n\n\n<figure class=\"wp-block-image size-large\"><img loading=\"lazy\" decoding=\"async\" width=\"960\" height=\"640\" data-id=\"490\" src=\"https:\/\/martinique-yoga.com\/wp-content\/uploads\/2019\/07\/25659919_1132685070202017_355099356393096695_n.jpg\" alt=\"\" class=\"wp-image-490\" srcset=\"https:\/\/martinique-yoga.com\/wp-content\/uploads\/2019\/07\/25659919_1132685070202017_355099356393096695_n.jpg 960w, https:\/\/martinique-yoga.com\/wp-content\/uploads\/2019\/07\/25659919_1132685070202017_355099356393096695_n-300x200.jpg 300w, https:\/\/martinique-yoga.com\/wp-content\/uploads\/2019\/07\/25659919_1132685070202017_355099356393096695_n-768x512.jpg 768w\" sizes=\"auto, (max-width: 960px) 100vw, 960px\" \/><\/figure>\n\n\n\n<figure class=\"wp-block-image size-large\"><img loading=\"lazy\" decoding=\"async\" width=\"768\" height=\"960\" data-id=\"343\" src=\"https:\/\/martinique-yoga.com\/wp-content\/uploads\/2018\/01\/massage-orleans.jpg\" alt=\"\" class=\"wp-image-343\" srcset=\"https:\/\/martinique-yoga.com\/wp-content\/uploads\/2018\/01\/massage-orleans.jpg 768w, https:\/\/martinique-yoga.com\/wp-content\/uploads\/2018\/01\/massage-orleans-240x300.jpg 240w\" sizes=\"auto, (max-width: 768px) 100vw, 768px\" \/><\/figure>\n<\/figure>\n\n\n\n<p>Mes soins sont 1 m\u00e9lange de ces 3 techniques, je suis mon intuition et me laisse porter par ce que je ressens, l\u00e2cher prise garanti&#8230;<\/p>\n\n\n\n<p>60min\/120eur   90min\/150eur<\/p>\n\n\n\n<p>Massage Yoga Thai\u00a8<\/p>\n\n\n\n<p>Cranien \u00e9motionel<\/p>\n\n\n\n<p>Chi Nei Tsang ( massage visc\u00e9ral)<\/p>\n\n\n\n<p><\/p>\n","protected":false},"excerpt":{"rendered":"<p>Yoga Yoga Vinyasa et Restorative \u00e0 Trinit\u00e9 : 90min\/25eur ou 200eur\/10cours Mardi 18h30 vinyasa Jeudi 18h30 vinyasa Vendredi 9h30 vinyasa doux Samedi \/ Dimanche 8h30 M\u00e9ditation, yoga doux\/yin Arrivez en silence et \u00e0 l&#8217;heure, la maison ouvre 5min avant le cours! Pour les \u00e9l\u00e8ves qui ont une carte de cours, elle est valable&#8230;<\/p>\n","protected":false},"author":1,"featured_media":0,"parent":0,"menu_order":0,"comment_status":"closed","ping_status":"closed","template":"","meta":{"footnotes":""},"class_list":["post-535","page","type-page","status-publish","hentry"],"_links":{"self":[{"href":"https:\/\/martinique-yoga.com\/index.php\/wp-json\/wp\/v2\/pages\/535","targetHints":{"allow":["GET"]}}],"collection":[{"href":"https:\/\/martinique-yoga.com\/index.php\/wp-json\/wp\/v2\/pages"}],"about":[{"href":"https:\/\/martinique-yoga.com\/index.php\/wp-json\/wp\/v2\/types\/page"}],"author":[{"embeddable":true,"href":"https:\/\/martinique-yoga.com\/index.php\/wp-json\/wp\/v2\/users\/1"}],"replies":[{"embeddable":true,"href":"https:\/\/martinique-yoga.com\/index.php\/wp-json\/wp\/v2\/comments?post=535"}],"version-history":[{"count":14,"href":"https:\/\/martinique-yoga.com\/index.php\/wp-json\/wp\/v2\/pages\/535\/revisions"}],"predecessor-version":[{"id":688,"href":"https:\/\/martinique-yoga.com\/index.php\/wp-json\/wp\/v2\/pages\/535\/revisions\/688"}],"wp:attachment":[{"href":"https:\/\/martinique-yoga.com\/index.php\/wp-json\/wp\/v2\/media?parent=535"}],"curies":[{"name":"wp","href":"https:\/\/api.w.org\/{rel}","templated":true}]}}